 Suppose -2*r - t*q = -r - 241, -4*q + 249 = r. Is r prime?
True
Suppose 3*g - 28 = -g. Is (1561/(-2))/(g/(-14)) prime?
False
Suppose 3*d - 1120 = -2*d. Let g = 101 - d. Let r = 80 - g. Is r a composite number?
True
Suppose 0 = 9*a - 5900 + 17744. Is a/(-8) + 2/4 + -2 a prime number?
True
Is 3*(2/18)/((-49)/(-9483411)) a composite number?
False
Let a(d) = 41*d + 6. Let b(f) = f**3 - 5*f**2 + 5*f + 1. Let k = 5 + -1. Let h be b(k). Is a(h) a composite number?
False
Suppose 2*v + 2*z = 9276, 2*v = 89*z - 86*z + 9271. Is v prime?
True
Let y = 1 - -4. Suppose 2*i - 5*i = -3*h - 492, y*i = 3*h + 490. Let x = h + 248. Is x prime?
True
Suppose 699 = -6*i + 9*i. Let m = -130 + i. Is m a prime number?
True
Let p be 0 + 0 + (-2 - -2586). Suppose m = -5*t + 5071 - 761, -p = -3*t - m. Is t a composite number?
False
Let f = 36 - 21. Is (-5)/(f/3) + 332 composite?
False
Let l(z) = z - 14. Let d be l(7). Is (d/(-28))/(2/1016) a prime number?
True
Suppose -4*n = -12, -4*g + 142102 = -2*g - 4*n. Is g a composite number?
True
Suppose 0 = 106*l - 116*l + 443230. Is l a composite number?
True
Let q = 19142 + -12160. Is q composite?
True
Let a(y) = 3*y**2 - 2*y - 2. Let g be a(-1). Is g/((-24)/1940)*(-5 + 3) a prime number?
False
Suppose -2*n = 8, 9*b - 5*n - 6018 = 7*b. Is b a composite number?
False
Suppose 0 = -m - m - 4*w + 4, -5*m + 2 = 2*w. Suppose -4*r + 2*t = -1786, -5*r = 3*t - m*t - 2227. Is r a prime number?
False
Let f = -265233 - -451922. Is f prime?
True
Suppose 1596*w + 204615 = 1605*w. Is w a composite number?
True
Let g(v) = v**3 - 17*v**2 + 8*v + 8. Let o be g(7). Let c = -163 - o. Is c a prime number?
True
Suppose -5*w + 39 = 49. Is (586/(-4))/(1/w) a composite number?
False
Let l = -32 + 36. Suppose 8*w = l*w + 5020. Is w a composite number?
True
Let a(w) = 146*w**3 + w**2 - 4*w + 7. Is a(3) a composite number?
True
Suppose d - 31 + 2 = 0. Suppose u - 8 = h + h, -5*h = 2*u + d. Is 1/((-476)/(-236) + u) composite?
False
Suppose -105*f + 131324 = -101*f. Is f a prime number?
True
Suppose -2*i - 3*k = 158 + 337, 0 = -4*i + k - 1011. Let g = 55 - i. Is g prime?
True
Suppose -4*q + 2*g - 566 = 0, 5*q + 0*g + 675 = -4*g. Is (12/2)/2 - q composite?
True
Let o(g) = 8*g + 5. Suppose d + 31 = 3*r, -5*d = -4*r + 45 + 11. Is o(r) a prime number?
False
Suppose 4*i = -2*s + 15380, -7687 = -s + i - 4*i. Let w = s + -2027. Is w composite?
False
Let x(o) = -o**3 + 9*o**2 - 13*o - 2. Let b be x(7). Suppose b*h - 15375 = 4870. Is h prime?
True
Suppose 5*u = -t - 2*t + 1465, u - 293 = -5*t. Let y = u - 204. Is y composite?
False
Let y(x) = -x**3 + 2*x**2 + 3*x + 4. Let z be y(3). Let r be -1*(-2)/z*6. Suppose -2*d - 365 = -4*d - 5*o, r*d - 3*o = 558. Is d prime?
False
Suppose 3*i + 2*m - 9499 = 0, 5*i - 6785 = 2*m + 9020. Is i prime?
True
Suppose -250 = -4*j + 78. Suppose -j = 2*q + 424. Let m = q - -1730. Is m a prime number?
False
Suppose 24*u - 20*u - 13029 = -5*o, 2589 = o + 5*u. Is o composite?
False
Suppose 2*b + 6 = 4*b. Let f be 4/(b*(-8)/36). Is -1 - f*8/6 a composite number?
False
Suppose 2048 = 4*r - 4*g, -2*r = -r + 3*g - 508. Is r prime?
False
Let u(f) = 2*f + 2 - 7 + 88*f. Suppose -9*m + 103 = 13. Is u(m) composite?
True
Suppose 9*o = -0*o + 18. Suppose 994 = 2*i + 4*t, -6*i + o*t + 1491 = -3*i. Is i a composite number?
True
Let p = 58 + -35. Let i = p + -20. Suppose -4*g = -z + 38, i*z + 2*g - 114 = -g. Is z composite?
True
Is 360/30*(-362)/(-4) - -1 a prime number?
True
Suppose -5*s + 21 = -84. Suppose 0*l + i = 4*l - s, 9 = -4*l - 5*i. Suppose -4*c + 4*q = -q - 19, -5*c = -l*q - 26. Is c prime?
False
Suppose -2*g + 2 = 2*h, h - 5*g - 9 = 16. Suppose 0*v + 4*v = h*s - 2437, 0 = 5*s - 3*v - 2439. Is s prime?
False
Let d(y) = 2*y**2 - 11*y - 9. Let j be d(8). Suppose 6 + 2 = -c. Let i = j + c. Is i composite?
False
Let r be (-1 + 4)*24/(-18). Let c(z) = 0*z**2 + z**2 + 5 + z**3 - 2*z**3 - z. Is c(r) a composite number?
False
Let b = -77 - -132. Is 37026/b - 1/5 a composite number?
False
Let m = 26 - 15. Suppose 121 - m = 5*l. Is l prime?
False
Suppose 8*y + 2*y = 60. Suppose -258 = -y*u + 1344. Is u a prime number?
False
Let f = -189 + 88. Let x = 134 - f. Is x prime?
False
Let v(s) = -s + 6. Let k be v(0). Suppose k*z + 13780 = 26*z. Is z a prime number?
False
Is 3/(-4 + 109626/27402) a prime number?
True
Let k = -78 + 150. Suppose -k = -f - 17. Is f composite?
True
Is 12936 + 21*4/(-12) a composite number?
True
Let o(a) = 2*a**2 + 8*a + 9. Let c(g) = -g - 19. Let y be c(-17). Let h = y + -4. Is o(h) a prime number?
False
Let d(w) = 2*w**2 - 3*w. Let t be d(6). Suppose 18 = -j - 17. Let g = t + j. Is g prime?
True
Let a be 2/((-8)/(-12) + 0). Suppose -8 - 43 = -a*b. Is b/85 - (-2108)/10 a prime number?
True
Let p(o) = 15*o**2 + 6*o + 5. Let c be p(-1). Let s be (-202)/8 - 2/(-8). Let n = c - s. Is n composite?
True
Let c(k) = -2*k - 5. Let f be c(0). Let r be 1/5 - 14/f. Suppose 143 = q - 4*l, 8 = -q - r*l + 123. Is q composite?
False
Let t = -7011 - -12614. Is t a composite number?
True
Let b be ((-2487)/(-4))/((-9)/(-36)). Suppose 5*d - 4*s - b = 0, 5*s - 2505 = 2*d - 7*d. Is d a prime number?
True
Let f(t) = 13599*t - 32. Is f(1) a prime number?
True
Let s(p) = 1410*p**2 + 5*p - 19. Is s(-4) composite?
True
Let w be (10/(-4))/((-2)/8). Suppose -b + w = b. Is (b/(-4))/((-2)/232) composite?
True
Suppose 3*u - 412 = 2*k + 3779, 0 = u - 4*k - 1397. Is u a prime number?
False
Let w(a) = -a**3 - 7*a**2 + 7*a - 4. Let s be w(-8). Suppose 26 = 3*q - s. Suppose 0 = 5*i + q, -4*p + 43 + 155 = -5*i. Is p a prime number?
True
Suppose -180 = -5*a - 7*a. Suppose -6*z + a*z = 8109. Is z a prime number?
False
Suppose 3063 = -3*m + 7*m - 3*l, -2292 = -3*m + 4*l. Suppose -w - 35 + m = 0. Is w a composite number?
False
Let i = 45 - 15. Let d = 89 + i. Is d a prime number?
False
Suppose 0 = -45*a - 629656 + 1962961. Is a a composite number?
False
Is (5 - 3078/(-8))/(3/12) prime?
True
Suppose -2*l - 96 = 3*d - 25, 5*d + 165 = -5*l. Is 14/l - (-4470)/4 a prime number?
True
Let h(w) = 4*w - 2. Let q be h(15). Let l(s) = 3*s**2 + 6*s - 3. Let c be l(4). Let k = c + q. Is k a prime number?
True
Let s(w) = w**3 - w**2 - 2*w - 1. Let n be s(7). Let j = -156 + n. Is j composite?
True
Let p be 11/(-1 + 308/304). Suppose 3*i - p = -i. Is i a composite number?
True
Suppose 2*i - 544 = -2*i. Let k be (-4186)/(-34) + 238/(-2023). Let v = i + k. Is v a prime number?
False
Let c(h) = -138*h**3 - 12*h**2 - h + 18. Is c(-5) a composite number?
True
Suppose -6*d + 6 = -5*d. Suppose d*v = 11*v - 1085. Is v a composite number?
True
Suppose -4 = 5*g + 3*f, f - 3 = -5*g - 11. Is ((-4)/(-3) + g)*23292/(-24) a prime number?
True
Is 16/((-112)/(-103719)) - 4 a composite number?
False
Let y = 5642 - 3229. Is y composite?
True
Suppose -m = 3*m + 5*o - 1132, -m - 2*o + 286 = 0. Suppose 6*a + 168 - 618 = 0. Suppose -m + a = -l. Is l prime?
False
Let w(x) = 0*x - 8 - x**2 + 17*x - 3*x. Suppose 4*z + 35 = 9*z + 2*r, 3*z - r - 32 = 0. Is w(z) prime?
True
Let l = -20566 - -29278. Suppose -g + c = -5*g + l, 0 = -2*g - 3*c + 4366. Is g a composite number?
True
Let z(r) = 1868*r**2 + 3*r + 2. Suppose 2*w = 4*a + 6, 3 = 2*a + 5*w - 0. Is z(a) a composite number?
False
Suppose -8*c - 9 = -11*c. Suppose -c*m - 7 = 4*m. Is 1438/(-1)*m/2 a composite number?
False
Suppose 3 - 11 = -4*a. Suppose 0 = -w + 2*s - a + 10, 3*w - 3*s - 18 = 0. Suppose 80 = -n + 2*n - 3*z, -3*n - w*z = -227. Is n prime?
False
Let g(d) = 1315*d**2 - 9*d - 9. Is g(-1) a prime number?
False
Suppose -6*w + 29464 + 34562 = 0. Is w a prime number?
False
Let s(m) = 5*m**2 - 2*m + 3. Let w(p) = 4*p**2 - 3*p + 2. Suppose -3*n - 25 = 2*n, 0 = -2*f - 2*n - 4. Let b(k) = f*s(k) - 4*w(k). Is b(5) prime?
False
Suppose 0 = 8*w - 11*w - 39. Let t = w - -44. Is t a composite number?
False
Let s = -50 - -165. Suppose 0 = m - s - 174. Is m a prime number?
False
Let g = 3 - 8. Suppose 0 = 18*q - 11*q - 14. Is (1/q)/(g/(-310)) a composite number?
False
Let p be 12/10*855/6. Let r = 426 - 106. Let h = r - p. Is h a prime number?
True
Let d be (-40)/(-2)*1*(2 - -314). Suppose 4*x + 4*a = 6324, d = -2*x + 6*x + 2*a. Is x a prime number?
True
Suppose 4*q + 28 + 12 = 0. Let n be (-501)/(-15) + 4/q. Suppose -n = -z + 13. Is z a composite number?
True
Le